{"id":5608,"date":"2021-10-03T10:21:31","date_gmt":"2021-10-03T10:21:31","guid":{"rendered":"https:\/\/gebraucht-auto-ankauf.de\/?page_id=5608"},"modified":"2021-10-03T10:21:31","modified_gmt":"2021-10-03T10:21:31","slug":"autoankauf-bottrop","status":"publish","type":"page","link":"http:\/\/gebraucht-auto-ankauf.de\/index.php\/autoankauf-bottrop\/","title":{"rendered":"Autoankauf Bottrop"},"content":{"rendered":"<p><img decoding=\"async\" loading=\"lazy\" class=\"alignnone size-medium wp-image-5609\" src=\"http:\/\/gebraucht-auto-ankauf.de\/wp-content\/uploads\/2021\/10\/Autokauf-in-Dortmund-1-300x200.jpg\" alt=\"gebraucht-auto-ankauf.de\/\" width=\"300\" height=\"200\" srcset=\"http:\/\/gebraucht-auto-ankauf.de\/wp-content\/uploads\/2021\/10\/Autokauf-in-Dortmund-1-300x200.jpg 300w, http:\/\/gebraucht-auto-ankauf.de\/wp-content\/uploads\/2021\/10\/Autokauf-in-Dortmund-1-768x512.jpg 768w, http:\/\/gebraucht-auto-ankauf.de\/wp-content\/uploads\/2021\/10\/Autokauf-in-Dortmund-1-600x400.jpg 600w, http:\/\/gebraucht-auto-ankauf.de\/wp-content\/uploads\/2021\/10\/Autokauf-in-Dortmund-1.jpg 825w\" sizes=\"(max-width: 300px) 100vw, 300px\" \/><\/p>\n<p>Sie m\u00f6chten Ihr Fahrzeug innovativ, schnell und zu einem fairen Marktpreis verkaufen?<br \/>\nDann sind Sie bei Autoankauf Bottrop ganz richtig! Wir versichern Ihnen, dass Sie ihr Autoverkauf ganz einfach fair und reibungslos verkaufen. wir sind einer der f\u00fchrenden Autoexport Spezialisten in NRW . Durch langj\u00e4hrige Erfahrung in der Automobilbranche geben unsere geschulten Mitarbeiter Ihr bestes um Ihr Fahrzeug zu bewerten.<br \/>\nEin kurzer Klick f\u00fchrt Sie direkt auf unser Kontaktformular das Sie ausf\u00fcllen k\u00f6nnen. Lassen Sie uns ein paar Fahrzeugdaten da damit unsere Mitarbeiter Ihr Fahrzeug bewerten k\u00f6nnen. Nat\u00fcrlich k\u00f6nnen Sie uns auch unter der Rufnummer 0157 36046703 jederzeit erreichen. Wir rufen Sie umgehend zur\u00fcck und schicken Ihnen einen Kostenvorschlag.<br \/>\nHeutzutage ist es sehr schwierig einen seri\u00f6sen K\u00e4ufer seines geliebten Fahrzeuges zu finden. Man m\u00f6chte ja nicht schlie\u00dflich aufs Ohr gehauen werden. Es gibt leider viel zu viele schwarze Schafe in der Gebrauchtwagen Markt die mit der nervigsten aller nervigsten Fragen:<br \/>\n\u00ab\u00a0Was ist letzter Preis?\u00a0\u00bb oder mit anderen Fragen Sie bel\u00e4stigen. Sie m\u00f6chten sich bestimmt auch nicht mit fremden und kuriosen Personen umgeben und wo Sie sich nicht sicher sein k\u00f6nnen ob sie den optimalsten Preis rausgehauen haben.<br \/>\nSchlagen Sie uns einen Besichtigungstermin nach Ihrer Wahl vor und wir versichern Ihnen so schnell wie m\u00f6glich zu Ihnen zu kommen.<\/p>\n<h2>Gebrauchtwagen Ankauf<\/h2>\n<p>Erw\u00e4hnenswert ist es auch das wir nicht nur PKWs ankaufen, sondern auch: Oldtimer, Busse, Transporter, Pritschen, Lkws, Gebrauchtwagen mit Motor oder Getriebe Schaden, Unfallfahrzeuge, Autos mit diversen M\u00e4ngeln, Rettungswagen oder Krankenwagen, Bestattungswagen, Bagger, Radlader, Stapler, Wohnmobile, Geldtransporter, Sattelz\u00fcge, Dreiseitenkipper, K\u00fchlkastenwagen und Traktoren.<\/p>\n<h2>Unfallwagen Ankauf Bottrop<\/h2>\n<p>Wir von Unfallauto Ankauf sind ein fester Bestandteil unseres Gesch\u00e4ftskreises denn meist verunfallte Autos sind Grund f\u00fcr eine Neuanschaffung und somit auch ein Grund zum Verkauf. Eine Instandsetzung ist meistens nicht rentabel, au\u00dfer bei leichten Sch\u00e4den. Wir von verkaufe -meinauto.de Bottrop kaufen sowohl reparaturf\u00e4hige Unfallfahrzeuge als auch Autos mit wirtschaftlichem Total Schaden. Wir zahlen je nach Unfall den entsprechenden fairen Bestpreis. Profitieren Sie von unserer langj\u00e4hrigen Erfahrung mit Unfallautos. Oft befinden sich Unfallautos bei der ADAC oder andere Abschleppfirmen. Dies ist mit hohen Kosten von Tages\u00e4tze verbunden. Wir raten unsere Kunden unsere Dienste schnell anzunehmen, damit wir flexibel Ihr Gesch\u00e4ft abwickeln k\u00f6nnen. Wir richten uns an Sie und geben Ihnen die M\u00f6glichkeit uns auch au\u00dferhalb unserer \u00fcblichen Gesch\u00e4ftszeiten zu erreichen. Falls es zu einem positiven Abschluss kommen sollte, holen wir Ihr Fahrzeug mit einer unseren Abschlepper ab. Sollten Sie schon ein Angebot bekommen haben, so versuchen wir es zu \u00fcberbieten, denn unser Motto ist es unsere Kunden stets zufrieden zu stellen.<\/p>\n<p><img decoding=\"async\" class=\" lazyloaded\" src=\"https:\/\/verkaufe-meinauto.de\/wp-content\/uploads\/2020\/11\/Autowrack-zu-verkaufen.jpg\" alt=\"Unfallwagen Ankauf Bottrop\" data-src=\"https:\/\/verkaufe-meinauto.de\/wp-content\/uploads\/2020\/11\/Autowrack-zu-verkaufen.jpg\" \/><\/p>\n<h3>Autoverwertung Bottrop<\/h3>\n<p>Sind die Reparaturkosten zu hoch oder eine Instandsetzung nicht mehr rentabel und nicht mehr verkehrssicher, dann soll das Auto zur Verwertung. Wir versuchen stets unsere Kunden zu helfen und beste Ergebnisse f\u00fcr Sie zu erzielen. Zu unserer Autoverwertung geh\u00f6ren auch alte PKWs und LKWs , nicht mehr fahrbereite Fahrzeuge, Unfallautos, alte Fahrzeuge und Baumaschinen\u2026Es lohnt sich bei uns anzurufen und diese Sorge zu l\u00f6sen.<\/p>\n<h4>Sehr vorteilhafte Service von Autoankauf Bottrop:<\/h4>\n<p>\u2981 Verwertung von nichtfahrbereiten PKW\/LKW<br \/>\n\u2981 Ankauf von Lieferwagen und Firmenfahrzeuge<br \/>\n\u2981 Umfangreicher Gebrauchtwagen Ankauf dank unser Autoexport<br \/>\n\u2981 kostenlose Besichtigung und Abschleppung<br \/>\n\u2981 kostenloser Service jeglicher Beh\u00f6rdeng\u00e4nge<br \/>\n\u2981 Abl\u00f6sung bei Bankfinanzierung oder Leasings Vertrag<br \/>\n\u2981 Erstellung eines H\u00e4ndlerankaufsvertrags mit Ausschluss jeglicher Gew\u00e4hrleistung<\/p>\n<h4>Fragen die unsere Kunden h\u00e4ufig stellen:<\/h4>\n<p>\u2981 Welche Unterlagen braucht man f\u00fcr einen Fahrzeugverkauf ?<br \/>\n\u2981 Kaufen Sie Unfallautos?<br \/>\n\u2981 Holen Sie Autos au\u00dferhalb Bottrops ab?<br \/>\n\u2981 Werden Sie sich auch um Die Abmeldung des PKWs k\u00fcmmern?<br \/>\n\u2981 Kaufen Sie nicht fahrbereite Autos?<br \/>\n\u2981 Haben Sie Interesse an defekte Fahrzeuge?<br \/>\n\u2981 Welche Extras sind wichtig?<\/p>\n<p>Haben Sie sich vielleicht entschieden ein nicht mehr verkehrssicheres Nutzfahrzeug zu verwerten?<br \/>\nWir von Autoankauf Bottrop versuchen stetig unsere Serviceleistungen zu optimieren. Unser Kundenservice ist uns ein gro\u00dfes Anliegen und wir w\u00fcrden uns freuen, wenn Sie uns einen Besuch bestatten w\u00fcrden oder uns auf unserer Homepage unter\u2026 besuchen w\u00fcrden. F\u00fcr dringende Fragen sind wir rund um die Uhr unter diese Nummer erreichbar 0157 36046703.<\/p>\n<p>Nicht zuletzt, wie Sie sicherlich mitgekriegt haben, steht unsere Welt Kopf. Das Virus COVID 19 wird uns bestimmt leider noch etwas l\u00e4nger begleiten. Der Schutz unserer Mitarbeiter und Mitmenschen ist uns sehr wichtig und deshalb ist das Tragen eines Mund-Nasen -Schutz unerl\u00e4sslich.<br \/>\nBitte bleiben Sie gesund!<\/p>\n","protected":false},"excerpt":{"rendered":"<p>Sie m\u00f6chten Ihr Fahrzeug innovativ, schnell und zu einem fairen Marktpreis verkaufen? Dann sind Sie bei Autoankauf Bottrop ganz richtig! Wir versichern Ihnen, dass Sie ihr Autoverkauf ganz einfach fair und reibungslos verkaufen. wir sind einer der f\u00fchrenden Autoexport Spezialisten in NRW . Durch langj\u00e4hrige Erfahrung in<\/p>\n","protected":false},"author":1,"featured_media":0,"parent":0,"menu_order":0,"comment_status":"closed","ping_status":"closed","template":"","meta":{"om_disable_all_campaigns":false,"_monsterinsights_skip_tracking":false,"_monsterinsights_sitenote_active":false,"_monsterinsights_sitenote_note":"","_monsterinsights_sitenote_category":0,"spay_email":""},"_links":{"self":[{"href":"http:\/\/gebraucht-auto-ankauf.de\/index.php\/wp-json\/wp\/v2\/pages\/5608"}],"collection":[{"href":"http:\/\/gebraucht-auto-ankauf.de\/index.php\/wp-json\/wp\/v2\/pages"}],"about":[{"href":"http:\/\/gebraucht-auto-ankauf.de\/index.php\/wp-json\/wp\/v2\/types\/page"}],"author":[{"embeddable":true,"href":"http:\/\/gebraucht-auto-ankauf.de\/index.php\/wp-json\/wp\/v2\/users\/1"}],"replies":[{"embeddable":true,"href":"http:\/\/gebraucht-auto-ankauf.de\/index.php\/wp-json\/wp\/v2\/comments?post=5608"}],"version-history":[{"count":1,"href":"http:\/\/gebraucht-auto-ankauf.de\/index.php\/wp-json\/wp\/v2\/pages\/5608\/revisions"}],"predecessor-version":[{"id":5610,"href":"http:\/\/gebraucht-auto-ankauf.de\/index.php\/wp-json\/wp\/v2\/pages\/5608\/revisions\/5610"}],"wp:attachment":[{"href":"http:\/\/gebraucht-auto-ankauf.de\/index.php\/wp-json\/wp\/v2\/media?parent=5608"}],"curies":[{"name":"wp","href":"https:\/\/api.w.org\/{rel}","templated":true}]}}